 when i is divided by 8?
7
What is the remainder when (-3 - -2)*(-7)/1 is divided by 1/(-1) + (10 - 7)?
1
Let y = 168 - 99. What is the remainder when y is divided by 19?
12
Suppose 2*n + 0 = 4*r + 2, -32 = 4*r + 4*n. What is the remainder when 584/12 + r/(-9) is divided by 13?
10
Suppose 2*s = 7*s - 55. Suppose 2*c = -0*c + 42. Calculate the remainder when c is divided by s.
10
Let j(i) = -4*i - 18. Let m be j(-12). Suppose -3*d - 11 = v - 0*d, 2*v + 3*d = -7. What is the remainder when (15/m)/((-1)/(-12)) is divided by v?
2
Let u(v) = v**3 - 19*v**2 - 17*v - 18. Calculate the remainder when u(20) is divided by 16.
10
Let t = 6 + -4. Let g = 3 - t. Let k = 0 + g. What is the remainder when 2 is divided by k?
0
Let y(c) = -39*c**3 + 2*c**2 + 2*c + 1. Let i be y(-1). What is the remainder when 9 is divided by (12/(-10))/((-12)/i)?
1
Let k be (-2)/9 - 22/(-99). Suppose -4 = -p - 2*w, -5*p - 4*w + 32 = -k*p. What is the remainder when 23 is divided by p?
7
Let o(i) = -i + 15. Calculate the remainder when 39 is divided by o(8).
4
Suppose 5*y + 4*x - 440 = 0, 0 = -3*y - 3*x + 4*x + 247. What is the remainder when y is divided by 29?
26
Calculate the remainder when -3 + (-70)/(-22) + 3248/44 is divided by 20.
14
Suppose 4*b + 12 = 5*b. Suppose 5*d - 18 = 27. Suppose 35 = 2*q - d. What is the remainder when q is divided by b?
10
Suppose 3*l = 75 + 21. What is the remainder when 62 is divided by l?
30
Let d(f) = -f**2 + 4*f - 6. Let b be d(6). Suppose -2*j + 40 = -3*j. Let i = b - j. Calculate the remainder when i is divided by 12.
10
Let s(j) = -4*j - 1. What is the remainder when s(-1) is divided by 3?
0
Suppose 0 = -4*z - o + 76 + 40, z - 3*o - 29 = 0. Let d(a) = -9*a + 1. Suppose 0 = -4*c + 1 - 5. What is the remainder when z is divided by d(c)?
9
Suppose l + 13 = d, 0*l - 4 = 4*l. Suppose 0*q - 2*q = -d. Let v = 33 + -29. Calculate the remainder when q is divided by v.
2
Suppose 5*a + 2*v - 68 + 11 = 0, 2*a + 4*v - 10 = 0. Suppose 0 = -34*c + 38*c - 148. What is the remainder when c is divided by a?
11
Let c(t) = -2*t**2 + t - 7. Let s be c(-3). Calculate the remainder when 53 is divided by (-5)/(-2)*s/(-5).
11
Let z(x) = x**2 - 6*x - 9. What is the remainder when z(8) is divided by 3?
1
Let o be 99/(3 - 0) - 1. What is the remainder when o + 0 + -2 + 1 is divided by 8?
7
Let o be (-186)/10 + (-2)/5. Let r = -13 - o. What is the remainder when r is divided by 2?
0
Suppose -4*c - 5 = -1. Let m = -4 - c. Calculate the remainder when m - (-4 + 3 + -25) is divided by 12.
11
Let l = 21 + -20. Let o = l + 18. Calculate the remainder when o is divided by 11.
8
Let t(z) = z**2 - 2. Let h = 41 - 2. What is the remainder when h is divided by t(4)?
11
Suppose -2*r = -r + 1. Let y be (8/(-10))/(r/5). Suppose -2*d - y = -40. What is the remainder when d is divided by 10?
8
Let z = 144 + -54. Let x = z + -51. What is the remainder when x is divided by 21?
18
Suppose r + 2*f = -13, 2*r + 18 = -2*f - 16. Let v = r + 29. What is the remainder when 30 is divided by v?
6
Suppose 166 = -3*u + 5*d, -4*u + 2*d = -d + 225. Let f = u + 40. What is the remainder when (-3 - -1) + 0 - f is divided by 6?
3
Suppose 0 = -3*l - 4*o + 86, 4*l + 0*o = -4*o + 116. What is the remainder when 58 is divided by l?
28
Let q = 13 - 9. Suppose 5*j - 162 = -q*y - 31, j = 3*y + 11. Calculate the remainder when j is divided by ((-12)/10)/(1/(-10)).
11
Let p(g) = -g**3 - 2*g**2 - 3*g - 3. Let q be p(-2). Let i be (2 + q)*(-7)/(-1). Let f = i - 25. What is the remainder when f is divided by 4?
2
Let p(t) = 5*t - 1. Calculate the remainder when 47 is divided by p(5).
23
Let s = 18 + -8. Suppose 3*a - 4 = -1. Calculate the remainder when 0/2 + a + 18 is divided by s.
9
Suppose -3*w - 3 = 0, 5*l - 24 = -4*w + 52. What is the remainder when -1 + 1 - (-46 - -3 - 3) is divided by l?
14
Let b(r) = r**2 + 5*r + 2. Calculate the remainder when 29 is divided by b(-6).
5
Let a(m) = -9*m + 2. Suppose 2*z = -2*o, -2*z = 5*o - 2*o. Suppose z = 3*k, 2*t - 113 = 4*k + 3. Calculate the remainder when t is divided by a(-2).
18
Suppose 4*b - 396 = 5*o, 5*b = -5*o - 72 + 522. What is the remainder when b is divided by 6?
4
Let b = 98 - 64. Calculate the remainder when b is divided by 11.
1
Calculate the remainder when 20 is divided by (-1)/3*(6 + -42).
8
Let x = -62 + 110. Suppose 0 = 3*q, -f - x = -5*f - 2*q. Calculate the remainder when f is divided by 5.
2
Let a be -4*(-1 + (-93)/12). Suppose d = 4*z + a, 3*z - 2*d + 19 + 1 = 0. Calculate the remainder when 8 is divided by (-4)/12 + z/(-3).
2
Suppose 14 = 5*w - 3*d - 8, -6 = -w - d. What is the remainder when (-4)/((4 - 1)/(-6)) is divided by w?
3
Let l(y) = y**3 - 4*y + 3. Let d be l(2). Let p be 3 - (3 + -1 - d). What is the remainder when 2/p*0 - -12 is divided by 7?
5
Let l = -9 + 16. Let j(y) = y**3 - 7*y**2 + 6*y - 7. Let h be j(l). Let w = h + -9. Calculate the remainder when w is divided by 7.
5
Suppose 5*w + 0*m = -m + 48, -2*w + 3*m + 9 = 0. What is the remainder when 29 is divided by w?
2
Let u(c) = c**2 + 4*c + 2. Let i be u(4). Suppose o + i = 3*o. What is the remainder when 48 is divided by o?
14
Calculate the remainder when (-1)/3 - (-146)/6 is divided by 13.
11
Calculate the remainder when 17 is divided by (-36)/45 - 98/(-10).
8
Suppose -2*g = -g - 4. Suppose 17 = a + 3*m + m, g*m - 80 = -4*a. Calculate the remainder when a is divided by 6.
3
Let q(b) = b**3 + b**2 - 2*b + 2. What is the remainder when q(2) is divided by 6?
4
Let o(t) = t**2 + 2*t + 1. Let s be o(-3). Suppose 3*m - 2*d - 22 - 7 = 0, s*m - 5*d = 48. Calculate the remainder when 19 is divided by m.
5
Let w = 3 + -1. Suppose -2*i + 24 = w. What is the remainder when 20 is divided by i?
9
Let m(l) = -l**3 - 8*l**2. Let v be m(-8). Suppose y - 16 = -v*y. Let n(b) = 5*b + 6. Calculate the remainder when n(8) is divided by y.
14
Let d = -8 - -2. What is the remainder when 3 is divided by d/10 - (-26)/10?
1
Calculate the remainder when (5 + (-27)/4)*-24 is divided by (1 - 2)/((-3)/33).
9
Let q(b) = -b**2 - 10*b + 6. Let v be q(-8). Let x = v - 10. Calculate the remainder when x is divided by 7.
5
Let m = 35 - -22. Suppose -p - 18 = -5*x + 86, p = -4. What is the remainder when m is divided by x?
17
Let n(b) = -b + 13. Calculate the remainder when n(10) is divided by 2.
1
Suppose 5*r = -v + 99, -56 = -4*r + 5*v - 0*v. Let w be ((-18)/15)/((-2)/120). Let b = w + -17. What is the remainder when b is divided by r?
17
What is the remainder when ((-3)/(-2) + -1)*100 is divided by 18?
14
Let w be ((-8)/(-10))/(2/5). Suppose 24 = w*l - 0. What is the remainder when 34 is divided by l?
10
Suppose 4 = r + 1. Suppose 4*p = r*g - 32, g - 2*p - 2 = 6. Calculate the remainder when g is divided by 6.
4
Let v(a) = 1 - 1 - 3 + 42*a + 4. What is the remainder when v(1) is divided by 15?
13
Suppose 3*p = -6, p = -2*g - 0*p - 8. Let m = -1 - g. Suppose -m*y - 3*y + 40 = 0. Calculate the remainder when y is divided by 3.
2
Let v(u) = 4*u - 4. Calculate the remainder when 110 is divided by v(5).
14
Suppose 21*q - 23*q = -16. Calculate the remainder when 18 is divided by q.
2
Let z(b) = b**2 + 7*b + 12. What is the remainder when 5 is divided by z(-5)?
1
Let b(d) = -d**3 - 8*d**2 - 14*d + 4. Calculate the remainder when 2 + (-2 - 0) + 31 is divided by b(-6).
15
Let y(f) = f**2 + 5*f - 32. What is the remainder when y(13) is divided by 29?
28
Let n(f) = f**2 - 7*f + 4. Let o be (-3)/2 + 46/4. What is the remainder when n(o) is divided by (48/20)/((-1)/(-5))?
10
Let z(w) = -2*w + 1. Calculate the remainder when 12 is divided by z(-1).
0
Suppose 2 = 5*b - 18, 0 = 3*i + 4*b - 64. Suppose 0 = -4*o - 71 + 195. Calculate the remainder when o is divided by i.
15
Let z = -3 - 0. Let m be (z/6)/((-1)/2). Let j = 3 - m. What is the remainder when 4 is divided by j?
0
Let l(s) = -4*s + 6. Let h be l(-5). Suppose -5*y + h + 69 = 0. What is the remainder when 54 is divided by y?
16
Calculate the remainder when ((-28)/(-42))/((-1)/(-60)) is divided by 14.
12
Suppose -14*i = -11*i - 18. Let m(x) = 16*x**3. Let n be -2*(0 + 2/(-4)). What is the remainder when m(n) is divided by i?
4
Suppose b + 3*h = 2*b - 5, -h - 15 = -3*b. Let t be -1 - 0 - (-1 - b). Suppose s - 3 = t. Calculate the remainder when 15 is divided by s